{"id":2,"date":"2007-05-31T19:49:01","date_gmt":"2007-05-31T17:49:01","guid":{"rendered":""},"modified":"2026-01-14T21:59:56","modified_gmt":"2026-01-14T20:59:56","slug":"impressum","status":"publish","type":"page","link":"https:\/\/www.schachclub-eppingen.de\/blog\/impressum\/","title":{"rendered":"Impressum"},"content":{"rendered":"<p>F\u00fcr die ver\u00f6ffentlichten Inhalte ist <a href=\"?page_id=12\">der Vorstand des Schachclub Eppingen e.V. <\/a>verantwortlich.<\/p>\n<p><strong>Adresse 1. Vorsitzender:<\/strong><\/p>\n<p>Jonas Reimold<br \/>\nGeorg-Schlatter-Stra\u00dfe 13,<br \/>\n75031 Eppingen<br \/>\nDeutschland<\/p>\n<p>Mail:\u00a0<a href=\"mailto:Info@Schachclub-Eppingen.de\">1.Vorstand@Schachclub-Eppingen.de<\/a><br \/>\nTel.:\u00a0+49 (0) 174 9303885<\/p>\n<p>F\u00fcr alle Fragen bez\u00fcglich der Internetpr\u00e4sentation stehen wir unter <a href=\"mailto:Webmaster@Schachclub-Eppingen.de\">Webmaster(\u00e4t)Schachclub-Eppingen.de<\/a> zur Verf\u00fcgung.<\/p>\n<h4>Haftungsausschluss<\/h4>\n<p>Wichtiger Hinweis zu allen externen Links von www.Schachclub-Eppingen.de: Mit Urteil vom 12.05.1998 &#8211; Aktenzeichen: 312 O 85\/98 &#8211; &#8222;Haftung f\u00fcr Links&#8220; hat das Landgericht Hamburg entschieden, dass man durch die Anbringung eines Links die Inhalte der gelinkten Seite ggf. mit zu verantworten hat.<\/p>\n<p>Dies kann nur dadurch verhindert werden, dass man sich ausdr\u00fccklich von diesen Inhalten distanziert. Wir weisen deshalb darauf hin, dass von unserer Seite keinerlei Einfluss auf Inhalt und Gestaltung der in unseren Angeboten verlinkten Seiten m\u00f6glich ist, insbesondere nicht bei nachtr\u00e4glicher Ver\u00e4nderung der verlinkten Seiten.<\/p>\n<p>Daher distanzieren wir uns ausdr\u00fccklich von Inhalt und Gestaltung aller verlinkten Websites einschlie\u00dflich aller Unterseiten. Der Inhalt der Websites, auf die wir verlinken, ist grunds\u00e4tzlich nicht Gegenstand unseres Angebotes. Alle in www.Schachclub-Eppingen.de gefundenen externen Dokumente oder Links unterliegen nicht unserer inhaltlichen Verantwortung!<\/p>\n<p>F\u00fcr alle Banner und Links, die auf einer von www.Schachclub-Eppingen.de betriebenen Homepage angezeigt werden, gilt:<br \/>\nwww.Schachclub-Eppingen.de erkl\u00e4rt ausdr\u00fccklich, keinerlei Einfluss auf die Gestaltung und die Inhalte der gelinkten Seiten zu haben.<\/p>\n<p>Deshalb distanziert sich <a href=\"http:\/\/www.Schachclub-Eppingen.de\">www.Schachclub-Eppingen.de<\/a> hiermit ausdr\u00fccklich von allen Inhalten, aller auf von <a href=\"http:\/\/www.Schachclub-Eppingen.de\">www.Schachclub-Eppingen.de<\/a> betrieben Homepages gelinkten Seiten und macht sich diese Inhalte nicht zu Eigen.<\/p>\n<p>Diese Erkl\u00e4rung gilt f\u00fcr alle auf von <a href=\"http:\/\/www.Schachclub-Eppingen.de\">www.Schachclub-Eppingen.de<\/a> betriebenen Homepages angezeigten Links und f\u00fcr alle Inhalte der Seiten, zu denen die bei <a href=\"http:\/\/www.Schachclub-Eppingen.de\">www.Schachclub-Eppingen.de<\/a> angezeigten Banner und Links f\u00fchren.<\/p>\n<h4>Datenschutzerkl\u00e4rung f\u00fcr die Nutzung von Google Analytics<\/h4>\n<p>Diese Website nutzt Funktionen des Webanalysedienstes Google Analytics. Anbieter ist die Google Inc., 1600 Amphitheatre Parkway, Mountain View, CA 94043, USA.<\/p>\n<p>Google Analytics verwendet so genannte &#8222;Cookies&#8220;. Das sind Textdateien, die auf Ihrem Computer gespeichert werden und die eine Analyse der Benutzung der Website durch Sie erm\u00f6glichen. Die durch den Cookie erzeugten Informationen \u00fcber Ihre Benutzung dieser Website werden in der Regel an einen Server von Google in den USA \u00fcbertragen und dort gespeichert.<\/p>\n<p>Die Speicherung von Google-Analytics-Cookies erfolgt auf Grundlage von Art. 6 Abs. 1 lit. f DSGVO. Der Websitebetreiber hat ein berechtigtes Interesse an der Analyse des Nutzerverhaltens, um sowohl sein Webangebot als auch seine Werbung zu optimieren.<\/p>\n<p><strong>IP Anonymisierung<\/strong><\/p>\n<p>Wir haben auf dieser Website die Funktion IP-Anonymisierung aktiviert. Dadurch wird Ihre IP-Adresse von Google innerhalb von Mitgliedstaaten der Europ\u00e4ischen Union oder in anderen Vertragsstaaten des Abkommens \u00fcber den Europ\u00e4ischen Wirtschaftsraum vor der \u00dcbermittlung in die USA gek\u00fcrzt. Nur in Ausnahmef\u00e4llen wird die volle IP-Adresse an einen Server von Google in den USA \u00dcbertragen und dort gek\u00fcrzt. Im Auftrag des Betreibers dieser Website wird Google diese Informationen benutzen, um Ihre Nutzung der Website auszuwerten, um Reports \u00dcber die Websiteaktivit\u00e4ten zusammenzustellen und um weitere mit der Websitenutzung und der Internetnutzung verbundene Dienstleistungen gegen\u00fcber dem Websitebetreiber zu erbringen. Die im Rahmen von Google Analytics von Ihrem Browser \u00fcbermittelte IP-Adresse wird nicht mit anderen Daten von Google zusammengef\u00fchrt.<\/p>\n<p><strong>Browser Plugin<\/strong><\/p>\n<p>Sie k\u00f6nnen die Speicherung der Cookies durch eine entsprechende Einstellung Ihrer Browser-Software verhindern; wir weisen Sie jedoch darauf hin, dass Sie in diesem Fall gegebenenfalls nicht s\u00e4mtliche Funktionen dieser Website vollumf\u00e4nglich werden nutzen k\u00f6nnen. Sie k\u00f6nnen dar\u00fcber hinaus die Erfassung der durch den Cookie erzeugten und auf Ihre Nutzung der Website bezogenen Daten (inkl. Ihrer IP-Adresse) an Google sowie die Verarbeitung dieser Daten durch Google verhindern, indem Sie das unter dem folgenden Link verf\u00fcgbare Browser-Plugin herunterladen und installieren: \u00a0<a href=\"https:\/\/tools.google.com\/dlpage\/gaoptout?hl=de\" target=\"_blank\" rel=\"noopener noreferrer\">https:\/\/tools.google.com\/dlpage\/gaoptout?hl=de<\/a>.<\/p>\n<p><strong>Widerspruch gegen Datenerfassung<\/strong><\/p>\n<p>Sie k\u00f6nnen die Erfassung Ihrer Daten durch Google Analytics verhindern, indem Sie auf folgenden Link klicken. Es wird ein Opt-Out-Cookie gesetzt, der die Erfassung Ihrer Daten bei zuk\u00fcnftigen Besuchen dieser Website verhindert: \u00a0<a>Google Analytics deaktivieren<\/a>.<\/p>\n<p>Mehr Informationen zum Umgang mit Nutzerdaten bei Google Analytics finden Sie in der Datenschutzerkl\u00e4rung von Google: \u00a0<a href=\"https:\/\/support.google.com\/analytics\/answer\/6004245?hl=de\" target=\"_blank\" rel=\"noopener noreferrer\">https:\/\/support.google.com\/analytics\/answer\/6004245?hl=de<\/a>.<\/p>\n","protected":false},"excerpt":{"rendered":"<p>F\u00fcr die ver\u00f6ffentlichten Inhalte ist der Vorstand des Schachclub Eppingen e.V. verantwortlich. Adresse 1. Vorsitzender: Jonas Reimold Georg-Schlatter-Stra\u00dfe 13, 75031 Eppingen Deutschland Mail:\u00a01.Vorstand@Schachclub-Eppingen.de Tel.:\u00a0+49 (0) 174 9303885 F\u00fcr alle Fragen bez\u00fcglich der Internetpr\u00e4sentation stehen wir unter Webmaster(\u00e4t)Schachclub-Eppingen.de zur Verf\u00fcgung. Haftungsausschluss<\/p>\n","protected":false},"author":1,"featured_media":0,"parent":0,"menu_order":5,"comment_status":"closed","ping_status":"closed","template":"","meta":{"footnotes":""},"_links":{"self":[{"href":"https:\/\/www.schachclub-eppingen.de\/blog\/wp-json\/wp\/v2\/pages\/2"}],"collection":[{"href":"https:\/\/www.schachclub-eppingen.de\/blog\/wp-json\/wp\/v2\/pages"}],"about":[{"href":"https:\/\/www.schachclub-eppingen.de\/blog\/wp-json\/wp\/v2\/types\/page"}],"author":[{"embeddable":true,"href":"https:\/\/www.schachclub-eppingen.de\/blog\/wp-json\/wp\/v2\/users\/1"}],"replies":[{"embeddable":true,"href":"https:\/\/www.schachclub-eppingen.de\/blog\/wp-json\/wp\/v2\/comments?post=2"}],"version-history":[{"count":16,"href":"https:\/\/www.schachclub-eppingen.de\/blog\/wp-json\/wp\/v2\/pages\/2\/revisions"}],"predecessor-version":[{"id":6205,"href":"https:\/\/www.schachclub-eppingen.de\/blog\/wp-json\/wp\/v2\/pages\/2\/revisions\/6205"}],"wp:attachment":[{"href":"https:\/\/www.schachclub-eppingen.de\/blog\/wp-json\/wp\/v2\/media?parent=2"}],"curies":[{"name":"wp","href":"https:\/\/api.w.org\/{rel}","templated":true}]}}